 is the remainder when 5540 is divided by 1836?
32
What is the remainder when 9618 is divided by 9489?
129
What is the remainder when 77996 is divided by 2785?
16
Calculate the remainder when 19673 is divided by 80.
73
Calculate the remainder when 172773 is divided by 23.
20
What is the remainder when 304993 is divided by 1250?
1243
What is the remainder when 15056 is divided by 2149?
13
Calculate the remainder when 13660 is divided by 4514.
118
What is the remainder when 12009 is divided by 3000?
9
Calculate the remainder when 43256 is divided by 2.
0
What is the remainder when 72477 is divided by 240?
237
Calculate the remainder when 14427 is divided by 361.
348
What is the remainder when 77931 is divided by 62?
59
What is the remainder when 3046 is divided by 5?
1
What is the remainder when 5645 is divided by 312?
29
Calculate the remainder when 11548 is divided by 150.
148
Calculate the remainder when 1002 is divided by 334.
0
What is the remainder when 3313 is divided by 166?
159
What is the remainder when 8138 is divided by 35?
18
What is the remainder when 3684 is divided by 31?
26
What is the remainder when 1422 is divided by 207?
180
What is the remainder when 20952 is divided by 2616?
24
Calculate the remainder when 22582 is divided by 197.
124
Calculate the remainder when 1869 is divided by 157.
142
Calculate the remainder when 16361 is divided by 94.
5
Calculate the remainder when 90175 is divided by 4745.
20
What is the remainder when 699201 is divided by 18?
9
What is the remainder when 4054 is divided by 14?
8
Calculate the remainder when 2569 is divided by 854.
7
What is the remainder when 22100 is divided by 165?
155
Calculate the remainder when 2493 is divided by 499.
497
Calculate the remainder when 9748 is divided by 363.
310
What is the remainder when 478480 is divided by 9569?
30
What is the remainder when 50141 is divided by 25070?
1
What is the remainder when 8904 is divided by 26?
12
Calculate the remainder when 164031 is divided by 64.
63
What is the remainder when 5538 is divided by 409?
221
Calculate the remainder when 11018 is divided by 10967.
51
What is the remainder when 22185 is divided by 22133?
52
What is the remainder when 15422 is divided by 78?
56
Calculate the remainder when 39314 is divided by 19656.
2
What is the remainder when 77982 is divided by 167?
160
Calculate the remainder when 1210 is divided by 489.
232
What is the remainder when 463753 is divided by 708?
13
Calculate the remainder when 50144 is divided by 82.
42
What is the remainder when 370262 is divided by 8228?
2
Calculate the remainder when 110170 is divided by 32.
26
Calculate the remainder when 10078 is divided by 229.
2
What is the remainder when 6637 is divided by 499?
150
What is the remainder when 22441 is divided by 82?
55
What is the remainder when 9002 is divided by 2980?
62
What is the remainder when 9417 is divided by 1551?
111
Calculate the remainder when 2681 is divided by 158.
153
Calculate the remainder when 90756 is divided by 125.
6
Calculate the remainder when 902 is divided by 809.
93
Calculate the remainder when 63612 is divided by 2.
0
Calculate the remainder when 113252 is divided by 211.
156
Calculate the remainder when 112893 is divided by 32.
29
What is the remainder when 9049753 is divided by 715?
713
Calculate the remainder when 49252 is divided by 8.
4
What is the remainder when 49194 is divided by 12292?
26
What is the remainder when 35216 is divided by 117?
116
What is the remainder when 3937672 is divided by 1968833?
6
Calculate the remainder when 2480 is divided by 634.
578
Calculate the remainder when 2858 is divided by 916.
110
What is the remainder when 12177 is divided by 210?
207
What is the remainder when 10931 is divided by 49?
4
Calculate the remainder when 20661 is divided by 168.
165
What is the remainder when 30224 is divided by 944?
16
Calculate the remainder when 1944 is divided by 959.
26
What is the remainder when 11426 is divided by 960?
866
Calculate the remainder when 109431 is divided by 183.
180
Calculate the remainder when 19685 is divided by 386.
385
What is the remainder when 834352 is divided by 469?
1
Calculate the remainder when 7027 is divided by 1309.
482
Calculate the remainder when 963 is divided by 595.
368
What is the remainder when 144150 is divided by 98?
90
Calculate the remainder when 1277249 is divided by 65.
64
Calculate the remainder when 26968 is divided by 442.
6
What is the remainder when 9101 is divided by 2269?
25
Calculate the remainder when 101289 is divided by 734.
731
Calculate the remainder when 21279 is divided by 33.
27
What is the remainder when 4315 is divided by 17?
14
Calculate the remainder when 30012 is divided by 29.
26
What is the remainder when 167017 is divided by 1106?
11
Calculate the remainder when 5825 is divided by 62.
59
What is the remainder when 17437 is divided by 39?
4
Calculate the remainder when 33919 is divided by 13.
2
Calculate the remainder when 212785 is divided by 3129.
13
Calculate the remainder when 4596731 is divided by 259.
258
Calculate the remainder when 8400 is divided by 1220.
1080
What is the remainder when 27231 is divided by 65?
61
What is the remainder when 19801 is divided by 419?
108
Calculate the remainder when 220675 is divided by 263.
18
What is the remainder when 24021 is divided by 1004?
929
What is the remainder when 11948 is divided by 745?
28
Calculate the remainder when 424 is divided by 28.
4
Calculate the remainder when 455 is divided by 361.
94
Calculate the remainder when 200461 is divided by 200453.
8
What is the remainder when 43765 is divided by 14588?
1
What is the remainder when 25194 is divided by 71?
60
Calculate the remainder when 62795 is divided by 54.
47
What is the remainder when 70753 is divided by 305?
298
What is the remainder when 76946 is divided by 13?
12
Calculate the remainder when 2279 is divided by 652.
323
Calculate the remainder when 146739 is divided by 39.
21
What is the remainder when 5733 is divided by 315?
63
What is the remainder when 91398 is divided by 1306?
1284
What is the remainder when 67882 is divided by 178?
64
Calculate the remainder when 2560 is divided by 154.
96
What is the remainder when 57048 is divided by 14226?
144
What is the remainder when 5021 is divided by 1861?
1299
What is the remainder when 4131 is divided by 8?
3
What is the remainder when 10892 is divided by 5435?
22
What is the remainder when 107 is divided by 89?
18
Calculate the remainder when 8629 is divided by 89.
85
Calculate the remainder when 5486 is divided by 21.
5
Calculate the remainder when 7274 is divided by 32.
10
Calculate the remainder when 74931 is divided by 1784.
3
Calculate the remainder when 11504 is divided by 5743.
18
What is the remainder when 842 is divided by 158?
52
What is the remainder when 948174 is divided by 31?
8
What is the remainder when 4072 is divided by 1872?
328
What is the remainder when 2652 is divided by 193?
143
Calculate the remainder when 432 is divided by 22.
14
Calculate the remainder when 636 is divided by 151.
32
Calculate the remainder when 6560 is divided by 1303.
45
Calculate the remainder when 62145 is divided by 647.
33
Calculate the remainder when 2715 is divided by 827.
234
Calculate the remainder when 2906 is divided by 75.
56
What is the remainder when 43117 is divided by 980?
977
What is the remainder when 73361 is divided by 297?
2
What is the remainder when 11665 is divided by 85?
20
Calculate the remainder when 1107 is divided by 218.
17
Calculate the remainder when 1002 is divided by 249.
6
What is the remainder when 2460 is divided by 251?
201
What is the remainder when 1480 is divided by 55?
50
Calculate the remainder when 1834196 is divided by 24.
20
What is the remainder when 517346 is divided by 10558?
4
What is the remainder when 3148856 is divided by 799?
796
What is the remainder when 19362 is divided by 28?
14
What is the remainder when 11711 is divided by 199?
169
Calculate the remainder when 1577 is divided by 345.
197
What is the remainder when 62795 is divided by 41?
24
What is the remainder when 86129 is divided by 28660?
149
Calculate the remainder when 123195 is divided by 899.
32
Calculate the remainder when 132857